{"id":102,"date":"2017-07-27T12:25:14","date_gmt":"2017-07-27T10:25:14","guid":{"rendered":"http:\/\/creche-enfanfare.fr\/?page_id=102"},"modified":"2024-10-23T12:51:23","modified_gmt":"2024-10-23T10:51:23","slug":"le-contrat-daccueil","status":"publish","type":"page","link":"https:\/\/creche-enfanfare.fr\/?page_id=102","title":{"rendered":"Le contrat d&rsquo;accueil &#8211; l&rsquo;accueil r\u00e9gulier"},"content":{"rendered":"<p>Le contrat d&rsquo;accueil concerne exclusivement l&rsquo;accueil r\u00e9gulier.<\/p>\n<p>Suite \u00e0 votre inscription sur <a href=\"https:\/\/eservices.nantesmetropole.fr\/creches-multi-accueils\">le guichet unique<\/a> et <strong>UNIQUEMENT<\/strong> si votre dossier est valid\u00e9 en commission, la structure accueillante vous contacte pour fixer les termes du contrat d&rsquo;accueil. Celui-ci regroupe vos besoins horaires et est calcul\u00e9 en fonction de votre tarif horaire.<\/p>\n<p>Le tarif horaire est personnalis\u00e9 en fonction de vos ressources. Afin de d\u00e9terminer le montant des frais de garde de votre enfant au sein de la cr\u00e8che Enfanfare, nous avons invitons \u00e0 vous rendre sur le site <a title=\"http:\/\/www.mon-enfant.fr\/web\/guest\/calcul-prix-accueil\" href=\"https:\/\/monenfant.fr\/simuler-le-cout-en-creche\" target=\"_blank\" rel=\"noopener noreferrer\">monenfant.fr.<\/a><\/p>\n<p>Cette simulation est propos\u00e9e pour les situations les plus courantes. Elle est faite \u00e0 partir :<br \/>\n&#8211; des \u00e9l\u00e9ments r\u00e9glementaires applicables,<br \/>\n&#8211; des \u00e9l\u00e9ments saisis en ligne sous votre responsabilit\u00e9.<\/p>\n<p>La simulation tient compte de la r\u00e9glementation en vigueur valid\u00e9e par la CAF de la Loire-Atlantique.<\/p>\n<p><img loading=\"lazy\" decoding=\"async\" class=\"alignnone size-full wp-image-55\" src=\"https:\/\/creche-enfanfare.fr\/wp-content\/uploads\/2017\/07\/image1.jpg\" alt=\"\" width=\"259\" height=\"173\" \/><\/p>\n","protected":false},"excerpt":{"rendered":"<p>Le contrat d&rsquo;accueil concerne exclusivement l&rsquo;accueil r\u00e9gulier. Suite \u00e0 votre inscription sur le guichet unique et UNIQUEMENT si votre dossier est valid\u00e9 en commission, la structure accueillante vous contacte pour fixer les termes du contrat d&rsquo;accueil. Celui-ci regroupe vos besoins horaires et est calcul\u00e9 en fonction de votre tarif horaire. Le tarif horaire est personnalis\u00e9 [&hellip;]<\/p>\n","protected":false},"author":1,"featured_media":0,"parent":0,"menu_order":0,"comment_status":"closed","ping_status":"closed","template":"","meta":{"footnotes":""},"_links":{"self":[{"href":"https:\/\/creche-enfanfare.fr\/index.php?rest_route=\/wp\/v2\/pages\/102"}],"collection":[{"href":"https:\/\/creche-enfanfare.fr\/index.php?rest_route=\/wp\/v2\/pages"}],"about":[{"href":"https:\/\/creche-enfanfare.fr\/index.php?rest_route=\/wp\/v2\/types\/page"}],"author":[{"embeddable":true,"href":"https:\/\/creche-enfanfare.fr\/index.php?rest_route=\/wp\/v2\/users\/1"}],"replies":[{"embeddable":true,"href":"https:\/\/creche-enfanfare.fr\/index.php?rest_route=%2Fwp%2Fv2%2Fcomments&post=102"}],"version-history":[{"count":6,"href":"https:\/\/creche-enfanfare.fr\/index.php?rest_route=\/wp\/v2\/pages\/102\/revisions"}],"predecessor-version":[{"id":2113,"href":"https:\/\/creche-enfanfare.fr\/index.php?rest_route=\/wp\/v2\/pages\/102\/revisions\/2113"}],"wp:attachment":[{"href":"https:\/\/creche-enfanfare.fr\/index.php?rest_route=%2Fwp%2Fv2%2Fmedia&parent=102"}],"curies":[{"name":"wp","href":"https:\/\/api.w.org\/{rel}","templated":true}]}}